{"id":7,"date":"2022-03-22T15:59:59","date_gmt":"2022-03-22T15:59:59","guid":{"rendered":"https:\/\/pharmakum.com\/?page_id=7"},"modified":"2022-08-09T16:31:26","modified_gmt":"2022-08-09T16:31:26","slug":"contactenos","status":"publish","type":"page","link":"https:\/\/pharmakum.com\/index.php\/contactenos\/","title":{"rendered":"Cont\u00e1ctenos"},"content":{"rendered":"\n<div class=\"wp-block-columns is-layout-flex wp-container-core-columns-is-layout-9d6595d7 wp-block-columns-is-layout-flex\">\n<div class=\"wp-block-column has-white-background-color has-background is-layout-flow wp-block-column-is-layout-flow\" style=\"flex-basis:30%\">\n<h3 class=\"wp-block-heading\">Direcci\u00f3n<\/h3>\n\n\n\n<p>Zona industrial San Vincente II, Conglomerado \u201cManuel Olivares Betancourt\u201d calle I, Lote F, galp\u00f3n 11-F. Maracay, Estado Aragua, Venezuela<\/p>\n\n\n\n<h3 class=\"wp-block-heading\">Tel\u00e9fono<\/h3>\n\n\n\n<p>0058 243 553 7775<\/p>\n\n\n\n<p>0058 243 553 7902<\/p>\n<\/div>\n\n\n\n<div class=\"wp-block-column has-white-background-color has-background is-layout-flow wp-block-column-is-layout-flow\" style=\"flex-basis:70%\">\n<h3 class=\"wp-block-heading\">Formulario de contacto<\/h3>\n\n\n<iframe src=\"https:\/\/pharmakum.com\/wp-content\/themes\/PhrmKm\/vg_contactenos.php\" title=\"Contacto\" scrolling=\"no\" class=\"frmContactenos\" ><\/iframe>\n<\/div>\n<\/div>\n\n\n<iframe src=\"https:\/\/pharmakum.com\/wp-content\/themes\/PhrmKm\/vg_googlemaps.php\" title=\"Plano\" scrolling=\"no\" class=\"frmUbicacion\" ><\/iframe>\n\n\n\n<section id=\"secEnlacesBottom\" class=\"csx4-section\">\n\t<div class=\"enlace\"><div class=\"link-bottom\"><a href=\"\/index.php\/nosotros\/\" class=\"btn btn-primary\" role=\"button\"> Nosotros <\/a><\/div><\/div>\n\t<div class=\"enlace\"><div class=\"link-bottom\"><a href=\"\/index.php\/mision-vision-valores\/\" class=\"btn btn-primary\" role=\"button\"> Misi\u00f3n, Visi\u00f3n, Valores <\/a><\/div><\/div>\n\t<div class=\"enlace\"><div class=\"link-bottom\"><a href=\"\/index.php\/faq\/\" class=\"btn btn-primary\" role=\"button\"> FAQ <\/a><\/div><\/div>\n<\/section>\n","protected":false},"excerpt":{"rendered":"<p>Direcci\u00f3n Zona industrial San Vincente II, Conglomerado \u201cManuel Olivares Betancourt\u201d calle I, Lote F, galp\u00f3n 11-F. Maracay, Estado Aragua, Venezuela Tel\u00e9fono 0058 243 553 7775 0058 243 553 7902 Formulario de contacto Nosotros Misi\u00f3n, Visi\u00f3n, Valores FAQ<\/p>\n","protected":false},"author":1,"featured_media":0,"parent":0,"menu_order":0,"comment_status":"closed","ping_status":"closed","template":"","meta":{"footnotes":""},"class_list":["post-7","page","type-page","status-publish","hentry"],"_links":{"self":[{"href":"https:\/\/pharmakum.com\/index.php\/wp-json\/wp\/v2\/pages\/7","targetHints":{"allow":["GET"]}}],"collection":[{"href":"https:\/\/pharmakum.com\/index.php\/wp-json\/wp\/v2\/pages"}],"about":[{"href":"https:\/\/pharmakum.com\/index.php\/wp-json\/wp\/v2\/types\/page"}],"author":[{"embeddable":true,"href":"https:\/\/pharmakum.com\/index.php\/wp-json\/wp\/v2\/users\/1"}],"replies":[{"embeddable":true,"href":"https:\/\/pharmakum.com\/index.php\/wp-json\/wp\/v2\/comments?post=7"}],"version-history":[{"count":14,"href":"https:\/\/pharmakum.com\/index.php\/wp-json\/wp\/v2\/pages\/7\/revisions"}],"predecessor-version":[{"id":763,"href":"https:\/\/pharmakum.com\/index.php\/wp-json\/wp\/v2\/pages\/7\/revisions\/763"}],"wp:attachment":[{"href":"https:\/\/pharmakum.com\/index.php\/wp-json\/wp\/v2\/media?parent=7"}],"curies":[{"name":"wp","href":"https:\/\/api.w.org\/{rel}","templated":true}]}}