{"id":200,"date":"2014-02-17T06:59:53","date_gmt":"2014-02-17T11:29:53","guid":{"rendered":"https:\/\/pharmakum.com\/?post_type=products&#038;p=200"},"modified":"2022-06-20T15:19:49","modified_gmt":"2022-06-20T15:19:49","slug":"florkum-10","status":"publish","type":"product","link":"https:\/\/pharmakum.com\/index.php\/producto\/florkum-10\/","title":{"rendered":"Florkum 10%"},"content":{"rendered":"<p><img loading=\"lazy\" decoding=\"async\" class=\"size-medium wp-image-132 alignleft\" src=\"https:\/\/pharmakum.com\/wp-content\/uploads\/2022\/03\/florkum-10-oral-300x232.png\" alt=\"Florkum 10% oral\" width=\"150\" height=\"116\" srcset=\"https:\/\/pharmakum.com\/wp-content\/uploads\/2022\/03\/florkum-10-oral-300x232.png 300w, https:\/\/pharmakum.com\/wp-content\/uploads\/2022\/03\/florkum-10-oral-150x116.png 150w, https:\/\/pharmakum.com\/wp-content\/uploads\/2022\/03\/florkum-10-oral-768x593.png 768w, https:\/\/pharmakum.com\/wp-content\/uploads\/2022\/03\/florkum-10-oral.png 792w\" sizes=\"auto, (max-width: 150px) 100vw, 150px\" \/><\/p>\n<p style=\"text-align: justify;\"><strong>Florkum 10%<\/strong>, es un antibi\u00f3tico oral a base de Florfenicol sint\u00e9tico de amplio espectro, con un comportamiento bacteriost\u00e1tico frente a la mayor\u00eda de las bacterias gram positivas y gram negativas. Pasteurella spp y Haemophilus spp.<\/p>\n","protected":false},"excerpt":{"rendered":"<p><strong>Florkum 10%<\/strong>, antibi\u00f3tico oral a base de Florfenicol sint\u00e9tico de amplio espectro, con un comportamiento bacteriost\u00e1tico frente a la mayor\u00eda de las bacterias gram. Pasteurella spp y Haemophilus spp.<\/p>\n","protected":false},"featured_media":491,"comment_status":"closed","ping_status":"closed","template":"","meta":[],"product_cat":[18,27],"product_tag":[52,48,53,49,61,60,51,50],"class_list":["post-200","product","type-product","status-publish","has-post-thumbnail","hentry","product_cat-avicola","product_cat-linea-antibiotica","product_tag-antibacteriano","product_tag-antibiotico","product_tag-avicola","product_tag-e-coli","product_tag-florfenicol","product_tag-florkum","product_tag-haemophilus-spp","product_tag-pasteurella-spp"],"_links":{"self":[{"href":"https:\/\/pharmakum.com\/index.php\/wp-json\/wp\/v2\/product\/200","targetHints":{"allow":["GET"]}}],"collection":[{"href":"https:\/\/pharmakum.com\/index.php\/wp-json\/wp\/v2\/product"}],"about":[{"href":"https:\/\/pharmakum.com\/index.php\/wp-json\/wp\/v2\/types\/product"}],"replies":[{"embeddable":true,"href":"https:\/\/pharmakum.com\/index.php\/wp-json\/wp\/v2\/comments?post=200"}],"wp:featuredmedia":[{"embeddable":true,"href":"https:\/\/pharmakum.com\/index.php\/wp-json\/wp\/v2\/media\/491"}],"wp:attachment":[{"href":"https:\/\/pharmakum.com\/index.php\/wp-json\/wp\/v2\/media?parent=200"}],"wp:term":[{"taxonomy":"product_cat","embeddable":true,"href":"https:\/\/pharmakum.com\/index.php\/wp-json\/wp\/v2\/product_cat?post=200"},{"taxonomy":"product_tag","embeddable":true,"href":"https:\/\/pharmakum.com\/index.php\/wp-json\/wp\/v2\/product_tag?post=200"}],"curies":[{"name":"wp","href":"https:\/\/api.w.org\/{rel}","templated":true}]}}